{"id":42,"date":"2015-05-17T06:26:01","date_gmt":"2015-05-17T06:26:01","guid":{"rendered":"http:\/\/ahmad.works\/writing\/?page_id=42"},"modified":"2019-10-19T14:41:08","modified_gmt":"2019-10-19T11:41:08","slug":"contact","status":"publish","type":"page","link":"https:\/\/www.celalsalcini.com\/index.php\/contact\/","title":{"rendered":"\u0130leti\u015fim &#8211; Randevu"},"content":{"rendered":"<p><img decoding=\"async\" loading=\"lazy\" class=\"alignnone  wp-image-470\" src=\"http:\/\/www.celalsalcini.com\/wp-content\/uploads\/2019\/08\/NP_Beyin_Hast_Logo-300x214.png\" alt=\"\" width=\"424\" height=\"302\" srcset=\"https:\/\/www.celalsalcini.com\/wp-content\/uploads\/2019\/08\/NP_Beyin_Hast_Logo-300x214.png 300w, https:\/\/www.celalsalcini.com\/wp-content\/uploads\/2019\/08\/NP_Beyin_Hast_Logo-768x549.png 768w, https:\/\/www.celalsalcini.com\/wp-content\/uploads\/2019\/08\/NP_Beyin_Hast_Logo-1024x731.png 1024w, https:\/\/www.celalsalcini.com\/wp-content\/uploads\/2019\/08\/NP_Beyin_Hast_Logo-560x400.png 560w, https:\/\/www.celalsalcini.com\/wp-content\/uploads\/2019\/08\/NP_Beyin_Hast_Logo-434x310.png 434w, https:\/\/www.celalsalcini.com\/wp-content\/uploads\/2019\/08\/NP_Beyin_Hast_Logo-267x191.png 267w, https:\/\/www.celalsalcini.com\/wp-content\/uploads\/2019\/08\/NP_Beyin_Hast_Logo.png 1984w\" sizes=\"(max-width: 424px) 100vw, 424px\" \/><\/p>\n<p><strong>Adres :<\/strong> NP\u0130stanbul Beyin Hastanesi, Saray Mah., Ahmet Tevfik \u0130leri Cad. No:18, 34768 \u00dcmraniye\/\u0130stanbul<\/p>\n<p><b>Telefon: <\/b>+90 216 633 0 633<\/p>\n<p><strong>Mail:<\/strong> celal.salcini@uskudar.edu.tr<\/p>\n<p><iframe loading=\"lazy\" style=\"border: 0;\" src=\"https:\/\/www.google.com\/maps\/embed?pb=!1m14!1m8!1m3!1d12039.319900446448!2d29.1141839!3d41.0289756!3m2!1i1024!2i768!4f13.1!3m3!1m2!1s0x0%3A0x136c9b57c454d1a5!2sNP%C4%B0STANBUL+Beyin+Hastanesi!5e0!3m2!1str!2str!4v1543177725539\" width=\"600\" height=\"450\" frameborder=\"0\" allowfullscreen=\"allowfullscreen\"><\/iframe><\/p>\n","protected":false},"excerpt":{"rendered":"<p>Adres : NP\u0130stanbul Beyin Hastanesi, Saray Mah., Ahmet Tevfik \u0130leri Cad. No:18, 34768 \u00dcmraniye\/\u0130stanbul Telefon: +90 216 633 0 633 Mail: celal.salcini@uskudar.edu.tr<\/p>\n","protected":false},"author":1,"featured_media":0,"parent":0,"menu_order":0,"comment_status":"closed","ping_status":"closed","template":"","meta":{"_mi_skip_tracking":false},"_links":{"self":[{"href":"https:\/\/www.celalsalcini.com\/index.php\/wp-json\/wp\/v2\/pages\/42"}],"collection":[{"href":"https:\/\/www.celalsalcini.com\/index.php\/wp-json\/wp\/v2\/pages"}],"about":[{"href":"https:\/\/www.celalsalcini.com\/index.php\/wp-json\/wp\/v2\/types\/page"}],"author":[{"embeddable":true,"href":"https:\/\/www.celalsalcini.com\/index.php\/wp-json\/wp\/v2\/users\/1"}],"replies":[{"embeddable":true,"href":"https:\/\/www.celalsalcini.com\/index.php\/wp-json\/wp\/v2\/comments?post=42"}],"version-history":[{"count":8,"href":"https:\/\/www.celalsalcini.com\/index.php\/wp-json\/wp\/v2\/pages\/42\/revisions"}],"predecessor-version":[{"id":767,"href":"https:\/\/www.celalsalcini.com\/index.php\/wp-json\/wp\/v2\/pages\/42\/revisions\/767"}],"wp:attachment":[{"href":"https:\/\/www.celalsalcini.com\/index.php\/wp-json\/wp\/v2\/media?parent=42"}],"curies":[{"name":"wp","href":"https:\/\/api.w.org\/{rel}","templated":true}]}}