{"id":44,"date":"2015-05-17T06:26:11","date_gmt":"2015-05-17T06:26:11","guid":{"rendered":"http:\/\/ahmad.works\/writing\/?page_id=44"},"modified":"2019-10-28T00:00:12","modified_gmt":"2019-10-27T21:00:12","slug":"about","status":"publish","type":"page","link":"http:\/\/www.celalsalcini.com\/index.php\/about\/","title":{"rendered":"Dr. Celal \u015eal\u00e7ini"},"content":{"rendered":"<p><img decoding=\"async\" loading=\"lazy\" class=\"wp-image-776 aligncenter\" src=\"http:\/\/www.celalsalcini.com\/wp-content\/uploads\/2019\/10\/celal-salcini-300x200.jpg\" alt=\"\" width=\"320\" height=\"213\" srcset=\"http:\/\/www.celalsalcini.com\/wp-content\/uploads\/2019\/10\/celal-salcini-300x200.jpg 300w, http:\/\/www.celalsalcini.com\/wp-content\/uploads\/2019\/10\/celal-salcini-768x512.jpg 768w, http:\/\/www.celalsalcini.com\/wp-content\/uploads\/2019\/10\/celal-salcini-1024x683.jpg 1024w, http:\/\/www.celalsalcini.com\/wp-content\/uploads\/2019\/10\/celal-salcini-1620x1080.jpg 1620w\" sizes=\"(max-width: 320px) 100vw, 320px\" \/><\/p>\n<p>1978 y\u0131l\u0131nda Prizren&#8217;de (Kosova) do\u011fdu. 1996 y\u0131l\u0131nda Prizren Fen Lisesini bitirdikten sonra, 1996 y\u0131ll\u0131nda Pri\u015ftine \u00dcniversitesi T\u0131p Fak\u00fcltesinde ba\u015flad\u0131\u011f\u0131 e\u011fitimini 1999-2005 y\u0131llar\u0131 aras\u0131nda Kocaeli \u00dcniversitesi T\u0131p Fak\u00fcltesinden mezun olarak tamamlad\u0131.<\/p>\n<p>2006-2011 y\u0131llar\u0131 aras\u0131nda Marmara \u00dcniversitesi T\u0131p Fak\u00fcltesi N\u00f6roloji Ana Bilim Dal\u0131&#8217;nda N\u00f6roloji uzmanl\u0131k e\u011fitimini tamamlad\u0131. E\u011fitimi s\u0131ras\u0131nda \u00f6zellikle elektrofizyoloji (EMG ve EEG) ile ilgilendi. 2012-2013 y\u0131llar\u0131 aras\u0131nda \u00dcsk\u00fcdar \u00dcniversitesi Meslek Y\u00fcksek Okulunda Elektron\u00f6rofizyoloji b\u00f6l\u00fcm\u00fcnde ve N\u00f6robilim B\u00f6l\u00fcm\u00fcnde \u00f6\u011fretim g\u00f6revlisi olarak \u00e7al\u0131\u015ft\u0131. Halen NP\u0130stanbul Beyin Hastanesi&#8217;nde N\u00f6roloji uzman\u0131 olarak g\u00f6rev yapmaktad\u0131r. N\u00f6roloji alan\u0131nda bir\u00e7ok yay\u0131nlanm\u0131\u015f makalesi ve\u00a0 devam eden bilimsel \u00e7al\u0131\u015fmalar\u0131 mevcuttur. \u0130yi d\u00fczeyde \u0130ngilizce, S\u0131rp\u00e7a, Bo\u015fnak\u00e7a ve Arnavut\u00e7a bilmektedir.<\/p>\n<p><img decoding=\"async\" loading=\"lazy\" class=\"alignnone size-medium wp-image-562 aligncenter\" src=\"http:\/\/www.celalsalcini.com\/wp-content\/uploads\/2019\/09\/logo-300x96.jpg\" alt=\"\" width=\"300\" height=\"96\" srcset=\"http:\/\/www.celalsalcini.com\/wp-content\/uploads\/2019\/09\/logo-300x96.jpg 300w, http:\/\/www.celalsalcini.com\/wp-content\/uploads\/2019\/09\/logo-768x245.jpg 768w, http:\/\/www.celalsalcini.com\/wp-content\/uploads\/2019\/09\/logo-1024x327.jpg 1024w, http:\/\/www.celalsalcini.com\/wp-content\/uploads\/2019\/09\/logo.jpg 1176w\" sizes=\"(max-width: 300px) 100vw, 300px\" \/><\/p>\n","protected":false},"excerpt":{"rendered":"<p>1978 y\u0131l\u0131nda Prizren&#8217;de (Kosova) do\u011fdu. 1996 y\u0131l\u0131nda Prizren Fen Lisesini bitirdikten sonra, 1996 y\u0131ll\u0131nda Pri\u015ftine \u00dcniversitesi T\u0131p Fak\u00fcltesinde ba\u015flad\u0131\u011f\u0131 e\u011fitimini 1999-2005 y\u0131llar\u0131 aras\u0131nda Kocaeli \u00dcniversitesi T\u0131p Fak\u00fcltesinden mezun olarak tamamlad\u0131. 2006-2011 y\u0131llar\u0131 aras\u0131nda Marmara \u00dcniversitesi T\u0131p Fak\u00fcltesi N\u00f6roloji Ana Bilim Dal\u0131&#8217;nda N\u00f6roloji uzmanl\u0131k e\u011fitimini tamamlad\u0131. E\u011fitimi s\u0131ras\u0131nda \u00f6zellikle elektrofizyoloji (EMG ve EEG) ile ilgilendi. 2012-2013&hellip; <br \/> <a class=\"read-more\" href=\"http:\/\/www.celalsalcini.com\/index.php\/about\/\">Devam\u0131<\/a><\/p>\n","protected":false},"author":1,"featured_media":0,"parent":0,"menu_order":0,"comment_status":"closed","ping_status":"closed","template":"","meta":{"_mi_skip_tracking":false},"_links":{"self":[{"href":"http:\/\/www.celalsalcini.com\/index.php\/wp-json\/wp\/v2\/pages\/44"}],"collection":[{"href":"http:\/\/www.celalsalcini.com\/index.php\/wp-json\/wp\/v2\/pages"}],"about":[{"href":"http:\/\/www.celalsalcini.com\/index.php\/wp-json\/wp\/v2\/types\/page"}],"author":[{"embeddable":true,"href":"http:\/\/www.celalsalcini.com\/index.php\/wp-json\/wp\/v2\/users\/1"}],"replies":[{"embeddable":true,"href":"http:\/\/www.celalsalcini.com\/index.php\/wp-json\/wp\/v2\/comments?post=44"}],"version-history":[{"count":12,"href":"http:\/\/www.celalsalcini.com\/index.php\/wp-json\/wp\/v2\/pages\/44\/revisions"}],"predecessor-version":[{"id":792,"href":"http:\/\/www.celalsalcini.com\/index.php\/wp-json\/wp\/v2\/pages\/44\/revisions\/792"}],"wp:attachment":[{"href":"http:\/\/www.celalsalcini.com\/index.php\/wp-json\/wp\/v2\/media?parent=44"}],"curies":[{"name":"wp","href":"https:\/\/api.w.org\/{rel}","templated":true}]}}

Dr. Celal Şalçini

<p><img decoding="async" loading="lazy" class="wp-image-776 aligncenter" src="http://www.celalsalcini.com/wp-content/uploads/2019/10/celal-salcini-300x200.jpg" alt="" width="320" height="213" srcset="http://www.celalsalcini.com/wp-content/uploads/2019/10/celal-salcini-300x200.jpg 300w, http://www.celalsalcini.com/wp-content/uploads/2019/10/celal-salcini-768x512.jpg 768w, http://www.celalsalcini.com/wp-content/uploads/2019/10/celal-salcini-1024x683.jpg 1024w, http://www.celalsalcini.com/wp-content/uploads/2019/10/celal-salcini-1620x1080.jpg 1620w" sizes="(max-width: 320px) 100vw, 320px" /></p>
<p>1978 yılında Prizren&#8217;de (Kosova) doğdu. 1996 yılında Prizren Fen Lisesini bitirdikten sonra, 1996 yıllında Priştine Üniversitesi Tıp Fakültesinde başladığı eğitimini 1999-2005 yılları arasında Kocaeli Üniversitesi Tıp Fakültesinden mezun olarak tamamladı.</p>
<p>2006-2011 yılları arasında Marmara Üniversitesi Tıp Fakültesi Nöroloji Ana Bilim Dalı&#8217;nda Nöroloji uzmanlık eğitimini tamamladı. Eğitimi sırasında özellikle elektrofizyoloji (EMG ve EEG) ile ilgilendi. 2012-2013 yılları arasında Üsküdar Üniversitesi Meslek Yüksek Okulunda Elektronörofizyoloji bölümünde ve Nörobilim Bölümünde öğretim görevlisi olarak çalıştı. Halen NPİstanbul Beyin Hastanesi&#8217;nde Nöroloji uzmanı olarak görev yapmaktadır. Nöroloji alanında birçok yayınlanmış makalesi ve  devam eden bilimsel çalışmaları mevcuttur. İyi düzeyde İngilizce, Sırpça, Boşnakça ve Arnavutça bilmektedir.</p>
<p><img decoding="async" loading="lazy" class="alignnone size-medium wp-image-562 aligncenter" src="http://www.celalsalcini.com/wp-content/uploads/2019/09/logo-300x96.jpg" alt="" width="300" height="96" srcset="http://www.celalsalcini.com/wp-content/uploads/2019/09/logo-300x96.jpg 300w, http://www.celalsalcini.com/wp-content/uploads/2019/09/logo-768x245.jpg 768w, http://www.celalsalcini.com/wp-content/uploads/2019/09/logo-1024x327.jpg 1024w, http://www.celalsalcini.com/wp-content/uploads/2019/09/logo.jpg 1176w" sizes="(max-width: 300px) 100vw, 300px" /></p>

<p>1978 yılında Prizren&#8217;de (Kosova) doğdu. 1996 yılında Prizren Fen Lisesini bitirdikten sonra, 1996 yıllında Priştine Üniversitesi Tıp Fakültesinde başladığı eğitimini 1999-2005 yılları arasında Kocaeli Üniversitesi Tıp Fakültesinden mezun olarak tamamladı. 2006-2011 yılları arasında Marmara Üniversitesi Tıp Fakültesi Nöroloji Ana Bilim Dalı&#8217;nda Nöroloji uzmanlık eğitimini tamamladı. Eğitimi sırasında özellikle elektrofizyoloji (EMG ve EEG) ile ilgilendi. 2012-2013&hellip; <br /> <a class="read-more" href="http://www.celalsalcini.com/index.php/about/">Devamı</a></p>
